
What is the remainder when 3182 is divided by 13?
10
Calculate the remainder when 294 is divided by 62.
46
What is the remainder when 420 is divided by 222?
198
What is the remainder when 115 is divided by 67?
48
What is the remainder when 32 is divided by 2?
0
What is the remainder when 939 is divided by 20?
19
Calculate the remainder when 188 is divided by 57.
17
Calculate the remainder when 369 is divided by 30.
9
What is the remainder when 87 is divided by 68?
19
What is the remainder when 863 is divided by 266?
65
What is the remainder when 1018 is divided by 93?
88
What is the remainder when 36565 is divided by 17?
15
What is the remainder when 221 is divided by 91?
39
What is the remainder when 99 is divided by 21?
15
Calculate the remainder when 508 is divided by 239.
30
Calculate the remainder when 8176 is divided by 37.
36
Calculate the remainder when 175 is divided by 44.
43
Calculate the remainder when 209 is divided by 37.
24
Calculate the remainder when 557 is divided by 31.
30
What is the remainder when 1461 is divided by 243?
3
Calculate the remainder when 60 is divided by 31.
29
Calculate the remainder when 588 is divided by 16.
12
Calculate the remainder when 612 is divided by 30.
12
What is the remainder when 3433 is divided by 5?
3
Calculate the remainder when 1507 is divided by 745.
17
What is the remainder when 288 is divided by 49?
43
Calculate the remainder when 936 is divided by 63.
54
Calculate the remainder when 44 is divided by 1.
0
What is the remainder when 274 is divided by 93?
88
Calculate the remainder when 211 is divided by 46.
27
Calculate the remainder when 1221 is divided by 31.
12
What is the remainder when 4959 is divided by 24?
15
Calculate the remainder when 418 is divided by 266.
152
What is the remainder when 415 is divided by 16?
15
Calculate the remainder when 2838 is divided by 119.
101
Calculate the remainder when 1077 is divided by 220.
197
What is the remainder when 248 is divided by 86?
76
Calculate the remainder when 315 is divided by 88.
51
What is the remainder when 25 is divided by 14?
11
Calculate the remainder when 748 is divided by 34.
0
What is the remainder when 1199 is divided by 75?
74
What is the remainder when 1814 is divided by 121?
120
What is the remainder when 90 is divided by 46?
44
Calculate the remainder when 93 is divided by 26.
15
Calculate the remainder when 287 is divided by 10.
7
Calculate the remainder when 277 is divided by 95.
87
What is the remainder when 48 is divided by 37?
11
Calculate the remainder when 984 is divided by 54.
12
What is the remainder when 3646 is divided by 38?
36
Calculate the remainder when 110 is divided by 98.
12
Calculate the remainder when 11447 is divided by 8.
7
Calculate the remainder when 164 is divided by 33.
32
What is the remainder when 690 is divided by 174?
168
Calculate the remainder when 853 is divided by 9.
7
What is the remainder when 242 is divided by 7?
4
Calculate the remainder when 868 is divided by 67.
64
What is the remainder when 1272 is divided by 184?
168
What is the remainder when 95 is divided by 48?
47
What is the remainder when 88 is divided by 13?
10
Calculate the remainder when 268 is divided by 139.
129
Calculate the remainder when 7446 is divided by 25.
21
Calculate the remainder when 523 is divided by 175.
173
What is the remainder when 182 is divided by 33?
17
What is the remainder when 142 is divided by 110?
32
What is the remainder when 455 is divided by 76?
75
What is the remainder when 371 is divided by 100?
71
Calculate the remainder when 323 is divided by 13.
11
What is the remainder when 99 is divided by 6?
3
Calculate the remainder when 594 is divided by 117.
9
Calculate the remainder when 402 is divided by 138.
126
What is the remainder when 1532 is divided by 41?
15
Calculate the remainder when 2428 is divided by 1210.
8
Calculate the remainder when 475 is divided by 304.
171
What is the remainder when 161 is divided by 87?
74
What is the remainder when 48 is divided by 25?
23
Calculate the remainder when 12569 is divided by 11.
7
Calculate the remainder when 4236 is divided by 1055.
16
What is the remainder when 2228 is divided by 742?
2
Calculate the remainder when 124 is divided by 115.
9
What is the remainder when 80 is divided by 7?
3
Calculate the remainder when 5144 is divided by 198.
194
What is the remainder when 1255 is divided by 35?
30
Calculate the remainder when 27241 is divided by 53.
52
Calculate the remainder when 222 is divided by 40.
22
Calculate the remainder when 181 is divided by 37.
33
Calculate the remainder when 305 is divided by 16.
1
What is the remainder when 1458 is divided by 34?
30
What is the remainder when 46 is divided by 11?
2
Calculate the remainder when 259 is divided by 70.
49
What is the remainder when 126 is divided by 62?
2
Calculate the remainder when 209 is divided by 101.
7
Calculate the remainder when 449 is divided by 25.
24
Calculate the remainder when 604 is divided by 5.
4
What is the remainder when 1801 is divided by 599?
4
Calculate the remainder when 451 is divided by 1.
0
What is the remainder when 2446 is divided by 351?
340
Calculate the remainder when 2563 is divided by 55.
33
What is the remainder when 51 is divided by 9?
6
What is the remainder when 561 is divided by 110?
11
Calculate the remainder when 1688 is divided by 94.
90
What is the remainder when 317 is divided by 131?
55
Calculate the remainder when 161 is divided by 21.
14
What is the remainder when 148 is divided by 25?
23
Calculate the remainder when 57 is divided by 34.
23
Calculate the remainder when 15344 is divided by 93.
92
What is the remainder when 220 is divided by 37?
35
What is the remainder when 1983 is divided by 7?
2
What is the remainder when 256 is divided by 7?
4
What is the remainder when 804 is divided by 372?
60
Calculate the remainder when 845 is divided by 379.
87
What is the remainder when 183 is divided by 118?
65
What is the remainder when 229 is divided by 58?
55
Calculate the remainder when 3782 is divided by 172.
170
Calculate the remainder when 2327 is divided by 90.
77
Calculate the remainder when 3072 is divided by 17.
12
Calculate the remainder when 408 is divided by 114.
66
What is the remainder when 32 is divided by 9?
5
Calculate the remainder when 3237 is divided by 59.
51
What is the remainder when 13354 is divided by 37?
34
Calculate the remainder when 432 is divided by 20.
12
Calculate the remainder when 3 is divided by 1.
0
Calculate the remainder when 165 is divided by 34.
29
What is the remainder when 173 is divided by 44?
41
Calculate the remainder when 377 is divided by 186.
5
Calculate the remainder when 13357 is divided by 219.
217
What is the remainder when 631 is divided by 124?
11
Calculate the remainder when 647 is divided by 8.
7
Calculate the remainder when 1292 is divided by 50.
42
Calculate the remainder when 31 is divided by 12.
7
Calculate the remainder when 259 is divided by 122.
15
Calculate the remainder when 218 is divided by 43.
3
Calculate the remainder when 460 is divided by 449.
11
What is the remainder when 2810 is divided by 15?
5
Calculate the remainder when 701 is divided by 18.
17
Calculate the remainder when 2382 is divided by 77.
72
What is the remainder when 212 is divided by 133?
79
Calculate the remainder when 308 is divided by 266.
42
What is the remainder when 1168 is divided by 233?
3
What is the remainder when 163 is divided by 33?
31
Calculate the remainder when 272 is divided by 65.
12
Calculate the remainder when 95 is divided by 22.
7
Calculate the remainder when 281 is divided by 4.
1
Calculate the remainder when 306 is divided by 131.
44
What is the remainder when 180 is divided by 69?
42
What is the remainder when 127 is divided by 35?
22
Calculate the remainder when 383 is divided by 12.
11
Calculate the remainder when 453 is divided by 120.
93
What is the remainder when 1368 is divided by 65?
3
What is the remainder when 52 is divided by 20?
12
Calculate the remainder when 197 is divided by 42.
29
Calculate the remainder when 223 is divided by 64.
31
What is the remainder when 247 is divided by 31?
30
Calculate the remainder when 148 is divided by 64.
20
Calculate the remainder when 47 is 